the hundreds digit of l?
1
What is the tens digit of (-27)/6*29906/(-57)?
6
Let f be (-7)/(-1) - (-6 - -5). Let o = f - 5. Let p = 0 + o. What is the units digit of p?
3
Suppose 0 = 5*d - 0*d - 5. Suppose -29 = -i - d. What is the units digit of i?
8
Let k = 4 + -3. Suppose 4*q + i - 16 = 0, -4*i = q - k - 3. Suppose 5*n = -q*x + 80, -5*x = 2*n + 2*n - 55. What is the tens digit of n?
2
Let n = -356 - -511. Suppose -2*b - 3*b = -n. What is the tens digit of b?
3
Suppose 1502 - 39572 = -45*w. What is the units digit of w?
6
What is the tens digit of 2/6*(-3870)/(-10)?
2
Suppose 0 = -85*m + 80*m. Suppose 33 = -3*l - 3*t, 3*l + t - 4*t + 9 = 0. Let n = m - l. What is the units digit of n?
7
Let n be (-84)/35*(-10)/(-3). Let b = -5 - n. Suppose b*p = -15 + 54. What is the tens digit of p?
1
Suppose -4*j = 3*a, -3*j = -2*a - 2*a - 25. Suppose -j*d + 94 = -359. Suppose -8*n = -d - 1. What is the units digit of n?
9
Suppose 2*z - 10 = -3*z. Suppose 0 = -k - k - 2*s + 62, -4*k + z*s + 130 = 0. What is the tens digit of k?
3
Let q = -53 - -562. What is the units digit of q?
9
Let i(a) = a**3 + 8*a**2 - 7*a - 7. Let j be i(-9). Suppose -2*t = -5*t + 5*r + 164, 5*r + 111 = 2*t. Let l = j + t. What is the units digit of l?
8
Suppose -4*g + 6*g = -804. What is the units digit of g/12*(0 + -2)?
7
Suppose 2*i + 2 = -0. Let x be (99/(-3))/(i/(-5)). What is the units digit of x/(-11) - 2/(-2)?
6
Suppose d + 14 = 3*p, p + 4*d + 2 = -2. Let t(k) = k**2 - 4*k + 3. Let v be t(p). Suppose 89 + 4 = v*y. What is the units digit of y?
1
Suppose 3*u - u + 8006 = 3*r, 2*r - 5334 = 2*u. What is the thousands digit of r?
2
Suppose 19*g + 1032 = 25*g. Let p = 310 - g. What is the hundreds digit of p?
1
Let a(y) = -y - 2. Let f be a(-6). Let r = -14 + f. What is the units digit of (-48)/(-5) - 4/r?
0
Let a(g) = -5*g + 24. Let l be a(-5). Suppose -y = -0*y - l. What is the units digit of y?
9
Let a(v) = -7 - v + 7 + 2*v + 17. Let r(k) = -k - 17. Let b(l) = 5*a(l) + 4*r(l). What is the units digit of b(0)?
7
Suppose 5*w + 2 = 3*w. Let k(d) = d**3 + 6*d**2 + 8*d + 4. Let o be k(-5). What is the tens digit of w/(-1) - (o - 1)?
1
Let w(f) = -12*f - 7. Let o be w(-3). Let q = o - 21. What is the units digit of q?
8
Let g be 105/27 - 2/(-18). Suppose -g*q + 91 = -549. What is the hundreds digit of q?
1
Let f = 223 + -85. What is the tens digit of f?
3
Let o be (2 - 1)/(4/(-356)). Let f(a) = 26*a. Let i be f(5). Let z = i + o. What is the units digit of z?
1
What is the hundreds digit of 26/(-234) - (-1846)/9?
2
Let o(n) = 3*n + 2. Let m be o(10). Let i be (-27)/2 - 2/(-4). Let r = m + i. What is the tens digit of r?
1
Let v = -120 + 125. What is the units digit of v?
5
Let k(j) = -7*j + 6*j + j**2 - 3 - j. Let r be k(-6). Suppose r = 3*n + 3*u, -5*n - 3*u + 55 = -18. What is the units digit of n?
4
Let b(r) be the second derivative of -r**5/20 + 2*r**4/3 - 5*r**3/6 - r**2 + 9*r. What is the units digit of b(6)?
0
Suppose -2*r = 3 + 17. Let j = 46 - r. What is the units digit of j?
6
Let m(v) be the second derivative of 5/6*v**3 + v - 3/2*v**2 + 0. What is the units digit of m(5)?
2
Suppose 36 = 7*y - 4*y. Suppose -3*u + y = 3. Suppose 3*q - 201 = 2*s, -u*q + 0*q + 3*s = -204. What is the tens digit of q?
6
Suppose 2632 = 4*x + 4*c, -3*x + 5*c + 1480 + 510 = 0. What is the tens digit of x?
6
Suppose -69 = 4*b - 3*g - 9, 0 = 3*b - 2*g + 45. Suppose 8*u = 6*u + 156. Let l = b + u. What is the tens digit of l?
6
Let h = -51 + 81. Let x = h + 17. What is the tens digit of x?
4
Let x be (-1)/(-2)*(3 + 9). Let i = 14 - x. What is the units digit of (6/2)/(6/i)?
4
Let v(r) = -r**3 + 8*r**2 + 10*r + 1. Let h = 26 - 17. Let y be v(h). What is the tens digit of y/25 + (-153)/(-5)?
3
Let i(n) = 4*n**2 - 2*n + 23. Let y be i(7). Let o = y + -108. What is the units digit of o?
7
Suppose 4 = 4*o - i, 2*o + 3*i - 14 = 2. Suppose o*y + 20 = 164. What is the tens digit of y?
7
Suppose -3321 = -f + 3*s, 5*f + 40*s = 44*s + 16594. What is the hundreds digit of f?
3
Suppose -3*j + 4*o = -5222, 2*j - 1879 - 1595 = -o. What is the thousands digit of j?
1
Suppose -2*i + 566 = -4*w, 4*w + 499 = 3*i - 356. What is the units digit of i?
9
Suppose 1312 + 11824 = 8*d. What is the hundreds digit of d?
6
Let l(t) = -59*t + 6 + 4 + 43*t. What is the tens digit of l(-3)?
5
Let x = -17 - -20. Let a(r) = -r**3 + r**2 + 4*r + 2. Let w be a(x). Let h(k) = -3*k - 3. What is the units digit of h(w)?
9
Let l be (16/(-24) + (-2)/6)*-3. Suppose 2*b + l*b = 335. What is the tens digit of b?
6
Suppose -5*l + 387 = 137. What is the tens digit of (-3)/5 - (-5)/(l/1056)?
0
Suppose -1055 = 4*x + 3*j, -x + 2*j = j + 269. Let v = x - -116. What is the units digit of (12/(-15))/(3/v)?
0
Suppose 2*x - 169 + 31 = -3*z, x + 5*z = 62. Suppose -x = 5*c + 138. What is the units digit of ((-693)/c)/(3/4)?
2
Let a(d) = 7*d - 33. Suppose -7*r - 3*n = -2*r - 117, 4*r = 5*n + 101. What is the hundreds digit of a(r)?
1
What is the tens digit of (50/2)/((9/(-4))/(-9))?
0
Suppose 5*z = -s + 1 + 9, 5*s - 3*z - 22 = 0. Suppose s*r - 32 = r. Suppose -4*g + 44 = r. What is the units digit of g?
9
Suppose 29*v + 493 = 30*v. What is the tens digit of v?
9
Suppose 2*v = -3*v + 5. Let p(u) = -5*u**3 - 3*u**2 + u + 2. Let n be p(2). What is the tens digit of v/(12/(-8))*n?
3
Let z(u) = -12*u - 27. Let m = -31 + 4. Let y(k) = -k - 2. Let v(i) = m*y(i) + 2*z(i). What is the units digit of v(7)?
1
Let u(p) = -3*p**2 + 2*p + 4. Let f be u(-2). Let l(w) = -5*w - 10. What is the tens digit of l(f)?
5
Let a(o) = o**3 + 5*o**2 + 3*o - 5. Let x be a(-4). Let p be 22 + -19 + x/(-1). Suppose p*f - 3 - 1 = 0. What is the units digit of f?
1
Let q(z) be the third derivative of -z**5/60 + 2*z**4/3 - 19*z**3/6 - 4*z**2. What is the tens digit of q(10)?
4
Let r(t) = 150*t + 1. What is the units digit of r(6)?
1
Let f(l) = -l + 8. Let x be f(6). Suppose -g - 2 = -x*g. Suppose g*p - v - 43 = 0, -1 = -2*p - 2*v + 57. What is the units digit of p?
4
Suppose 22*u + 1842 = 28*u. What is the hundreds digit of u?
3
Suppose 8*u = 5*u + 327. Let z = u - -43. What is the units digit of z?
2
Let w = -13 - -13. Suppose 2*b + 4*x = 16, 5*x + 19 = -w*b + 4*b. Let p = 7 - b. What is the units digit of p?
1
Let s be 0 - 2 - (-3 - 1). Let d(p) = -7 + s - 1 + p**2 + 3. What is the units digit of d(4)?
3
Let o = -23 + 28. Suppose -d + o*d - 164 = 0. What is the tens digit of d?
4
Let n be (84/(-30))/((-2)/20). Suppose -10*d - n = -12*d. What is the units digit of d?
4
Let s(x) = -9*x - 18. Let c be s(-15). Let p = -171 + c. Let u = 85 + p. What is the units digit of u?
1
Let x(m) = m**3 + 35*m**2 + 29*m + 145. What is the tens digit of x(-34)?
1
Let c(w) = 2*w**2 + 20*w - 82. What is the units digit of c(17)?
6
Let v = -1105 - -1980. What is the tens digit of v?
7
Suppose -3*o + 1344 = -6*x + 4*x, -1329 = -3*o - 3*x. Suppose 6 = -2*f, -3*k = -5*f + 38 - o. What is the units digit of k?
1
Suppose 26*t + 0*t - 5*t = 0. Let x(q) = q + 53 + 2*q**2 - 3*q**2 - 2*q + q**3. What is the units digit of x(t)?
3
Let t(o) = -2*o**3 - 15*o**2 - 9*o - 10. Let p be t(-7). Suppose -g = 2*g + 2*m - 54, -74 = -p*g - 2*m. What is the units digit of g?
0
Let z(d) = 8 - 4*d + 5*d + 9. Let b be z(-9). Let s = b + 26. What is the tens digit of s?
3
Let g(k) = -9*k**2 + 2*k**3 - 3*k**3 + 5*k**3 - 3*k**3 - 14. What is the tens digit of g(10)?
8
Let v = -9 - -14. Suppose 4*t - 409 - 189 = -v*z, 5*t - 229 = -2*z. What is the hundreds digit of z?
1
Let t(x) = -2*x**3 + 2*x + 371. What is the units digit of t(0)?
1
Suppose 0 = 5*c, 3*r - 5*c - 1611 = -0*r. What is the units digit of r?
7
Suppose 2*p = -10, 4*q - 3*p + 7*p = 0. Suppose 0*k = -q*k + 230. What is the units digit of k?
6
Let y = -97 - -62. Let h = y + 64. Let j = h - 3. What is the tens digit of j?
2
Let t = -42 - -93. Suppose t*i - 171 = 48*i. What is the units digit of i?
7
Suppose -3*t = j, -5*j + 5*t + 4 = -16. Let m be -1 - 0 - (-12)/j. Let z(i) = 2*i**3 + i**2 - 5*i - 3. What is the tens digit of z(m)?
4
Let m(j) = -j**2 + 5*j + 1. Let o be m(4). Suppose 0 = 25*b + 2*b - 4671. Suppose -48 + b = o*t. What is the units digit of t?
5
What is the hundreds digit of (-23210)/(-35) + 6/7?
6
Let g(p) = p**2 - 9*p + 3. Let c be g(9). Let n(x) = x - 1. L